z**2 + 18*z - 14. Let f be v(k). Let w = 1 + f. Calculate the highest common factor of w and 31.
31
Suppose -5*f - 30 = 0, -355*f + 358*f - 48 = -3*u. Calculate the greatest common factor of u and 407.
11
Let l(n) = 449*n + 126. Let r(u) = 90*u + 25. Let a(y) = 2*l(y) - 11*r(y). Let i be a(-2). Calculate the greatest common factor of 92 and i.
23
Let c(n) = 2*n**2 - 2*n - 674. Let r be c(19). Calculate the highest common divisor of r and 1432.
2
Let i = 25874 + -25294. Let a = 23 + -3. What is the highest common divisor of a and i?
20
Let a = 678 + 7014. What is the highest common factor of a and 12?
12
Let c = 43504 + -43440. Suppose -6*w - z + 323 = -2*w, 5*w + 5*z - 415 = 0. What is the greatest common divisor of c and w?
16
Let k(q) = q**3 - 8*q**2 - 2*q + 11. Let s be k(8). Let y be (s/1)/((-31)/15 - -2). Calculate the highest common factor of 50 and y.
25
Let h(c) = 252*c - 111. Let b be h(7). Calculate the greatest common factor of b and 174.
87
Suppose 208*h - 2650998 + 269815 = 432433. Calculate the highest common factor of h and 27.
27
Suppose -166*n - 170*n = -324*n - 13800. What is the greatest common factor of n and 414?
46
Suppose 106 + 486 = 8*o. Let w = -74 + o. Suppose 7*d - 8*d + 77 = w. What is the highest common divisor of 11 and d?
11
Let s(n) = -n**3 + 28*n**2 + 99*n + 16. Let t be s(31). Let m = -183 + t. What is the greatest common divisor of m and 19?
19
Let z(u) = -3*u**2 + 19*u - 38. Let x be z(3). Let d(s) = -113*s + 48. Let r be d(x). Calculate the highest common divisor of r and 56.
56
Let w(n) = -41*n + 7. Let o be w(-1). Suppose 3*b + 0 = o. Calculate the greatest common divisor of b and 20.
4
Let l = -9 + 6. Let p be (-1 - -220) + l - 0. Suppose 0 = 4*b - 149 + 53. Calculate the highest common divisor of p and b.
24
Let o(k) = -2*k**2 - k + 11. Let y be o(0). Suppose -135*v + 92522 = -58948. Calculate the highest common factor of v and y.
11
Suppose -9*y + j + 276 = -8*y, 1340 = 5*y + 5*j. Suppose -3*r + 230 = -5*i, -4*r - 3*i + i + y = 0. Calculate the highest common factor of r and 14.
14
Suppose 3*p + 42 - 168 = 0. Suppose 3463 = -95*g + 41368. What is the highest common factor of p and g?
21
Suppose -236 = 12*y - 8*y. Let u = y + 69. Suppose -12 = 4*j - u*j. Calculate the highest common factor of j and 32.
2
Suppose -12*q + 11*q + j = -1, j = 4*q - 13. Suppose 0*h = -2*h - 5*m + 145, -4 = q*m. Calculate the greatest common divisor of h and 15.
15
Suppose 9*l + 6*l = 75. Let r be (6 - (-20)/(-4)) + l. Let g be 26/r - (-2 + 7/3). What is the highest common factor of 2 and g?
2
Let b = 49 - 19. Suppose 178*x - 169*x = 3798. Let f = x - 302. What is the highest common factor of f and b?
30
Let s be (189 - 187)/(1/18). Suppose -4*t + 12 + 16 = 0. Suppose v = -5*k - 16, -k - t = -v + 1. What is the greatest common divisor of v and s?
4
Let n(c) = c**3 + 33*c**2 - 6*c - 84. Let h be n(-32). Suppose h = 2*g - 454. Calculate the highest common factor of 13 and g.
13
Let z = -9089 + 9209. What is the highest common factor of z and 10632?
24
Let l be (24/(-18))/((-6)/(-63)). Suppose 624*h - 324 = 615*h. Let y = h + l. What is the greatest common factor of 55 and y?
11
Let j be (9/2 - 3/(-2)) + -2. Suppose -53 = j*y - 281. What is the highest common divisor of 38 and y?
19
Let f = -542 + 544. Let x be (3/(-2) + -6)/(f/(-112)). What is the greatest common factor of x and 30?
30
Suppose 3*n = 3, -5*n = -y + 4*y - 3164. Calculate the greatest common divisor of 26 and y.
13
Let a = 275 - 563. Let y = a - -294. Calculate the highest common divisor of y and 15.
3
Suppose f - 288 = -z, 38*f - 40*f - 4*z + 584 = 0. Suppose 0 = 4*x - 3*k - f, x - 94 = k - 24. Calculate the highest common divisor of 259 and x.
37
Suppose -20 = -5*x + 4*i, 2*i = -5*x + 39 + 11. Suppose -13*t = -x*t - 6710. Calculate the highest common divisor of t and 22.
22
Let r(n) = n**3 + 9*n**2 - 84*n + 11. Let u be r(-14). Calculate the greatest common divisor of 69 and u.
69
Suppose -y + k = -0*k - 53, 4*k + 4 = 0. Suppose 0 = -2*u - 2*n + 16, -113*u + 115*u - 11 = -3*n. What is the highest common factor of y and u?
13
Let k(w) be the first derivative of w**4/4 - 4*w**3/3 - 5*w**2 - 4*w - 57. Let x be k(6). What is the greatest common divisor of x and 32?
8
Suppose -19*n + 5*n + 2650 = -4*n. Calculate the highest common divisor of n and 125.
5
Let c(d) = -42*d + 7. Let x(v) = -63*v + 10. Let r(w) = 7*c(w) - 5*x(w). Let j be r(1). Let y = -11646 + 11786. What is the highest common divisor of j and y?
20
Suppose 0 = s - 0*s + 2*b - 58, -4*s - 5*b + 223 = 0. Suppose -y + 74 = 2*q, -37*q - 80 = -y - 36*q. What is the greatest common factor of y and s?
26
Let c = 21 - -99. Suppose -4*s - 4*p + 464 = 0, 2*s - 5*p + 2*p - 247 = 0. Let u = 199 - s. Calculate the greatest common factor of u and c.
40
Let a be ((-42)/(-9) - 4) + (-154)/(-21). Let w(k) = -k**2 - 15*k - 48. Let i be w(-11). Let f = i + 5. What is the greatest common divisor of f and a?
1
Suppose 3*a - 112 + 796 = 3*l, 0 = 3*a - 15. What is the greatest common factor of l and 8854?
233
Let x be (37*-3)/(1/((-826)/42)). Calculate the highest common divisor of x and 177.
59
Let v(h) = 2*h**2 + 4 - 5*h + 1 + 3*h**2. Suppose -1353 = -p - 1351. Let i be v(p). What is the highest common factor of i and 25?
5
Suppose -3*b - 8 = 13. Let k be 27/(80/(-12) - b). What is the greatest common divisor of k and 9?
9
Let v = -642 + 675. Let j(d) be the first derivative of -d**3/3 + 3*d**2 + 3*d + 2. Let t be j(6). Calculate the highest common divisor of t and v.
3
Let s = 28135 - 15220. What is the highest common divisor of 315 and s?
315
Let g be (-2)/9 - (-1086)/27. Suppose 72 = -8*l + 161*l - 1152. What is the highest common factor of g and l?
8
Let m(i) = -1930*i - 9052. Let g be m(-22). Calculate the greatest common divisor of g and 232.
232
Suppose -173 = -12*h - 113. Let l(d) = -20*d + 172. Let m be l(h). Calculate the highest common factor of 84 and m.
12
Let c(j) = -8*j - 61. Let w be c(12). Let b = -154 - w. Calculate the greatest common divisor of 33 and b.
3
Suppose 20 - 2 = -9*m. Let v be 232/((-10)/(-5)) + m. Suppose -4*l - 62 = -214. Calculate the greatest common factor of v and l.
38
Suppose -f - 4*d + 204 + 122 = 0, -730 = -2*f + 5*d. What is the highest common divisor of f and 196?
14
Let b be (-10)/(-265) - (-67570)/1537. Calculate the highest common factor of b and 7018.
22
Let f be 402/42 - 3/(-7). Suppose 0 = 5*i - 6*i + 843. Suppose -867 = -19*z + i. Calculate the highest common divisor of f and z.
10
Let t = -1338 + 1352. Let x be (-11)/(-4) - (-2)/8. Let a = 17 - x. What is the greatest common factor of a and t?
14
Let t = 121 + -61. Let v(g) = -26738*g + 347609. Let i be v(13). Calculate the greatest common factor of t and i.
15
Suppose -9*z - 1704 = 3*z. Let y = z - -305. Let p be (4/16 - y/(-4))/1. Calculate the highest common factor of p and 205.
41
Suppose 10*f + 4*f = 42. Let r be f/(-4) - (-2224)/64. Calculate the greatest common factor of 34 and r.
34
Suppose -s - 4*s + 27 = 3*a, -5*a - 3*s + 45 = 0. Let v be (-12)/a*165/(-10). What is the greatest common factor of 22 and v?
22
Let r = -26186 + 28753. Calculate the highest common factor of 204 and r.
17
Suppose -3*k + 4*z - 7 = 1, -2*k - 4*z + 8 = 0. Let p(a) = a**2 - a - 47. Let g be p(k). Let h = g - -48. What is the highest common factor of 17 and h?
1
Let u be (2 + 37)/(38/32 + -1). Calculate the highest common divisor of 546 and u.
26
Let z = 183 - -142. Let x(g) = -11*g**3 - 4*g**2 - 5*g - 4. Let o be x(-2). Suppose z = 83*n - o*n. What is the greatest common divisor of 26 and n?
13
Suppose 581 + 130 - 5199 = -264*i. Let t = -146 - -537. Calculate the highest common factor of t and i.
17
Let w(k) = 3*k**2 - k - 3. Let q be w(4). Suppose z - 61 = q. Let d(o) = -7824*o + 117615. Let f be d(15). What is the highest common factor of z and f?
51
Suppose 14280 = q - 5*q + 12*q. What is the highest common divisor of q and 7?
7
Suppose -2*f = 2*f + 4*v + 20, 2*v = -10. Suppose -4*m + f*m = -56. Suppose 3*j - 6 = 15. What is the greatest common divisor of m and j?
7
Let u be 18*(14 + (-270)/20). Calculate the greatest common divisor of 2061 and u.
9
Let q = 7062 + -7055. Suppose 0*t + 245 = 5*t. What is the highest common factor of q